 13, what is 9742 - 249?
94c6
In base 6, what is 11320541543 - -4?
11320541551
In base 7, what is 26 - 34113?
-34054
In base 15, what is -64edc7 - -1a?
-64edac
In base 5, what is -2 - -2213242?
2213240
In base 10, what is -571 - 28607?
-29178
In base 2, what is 1100 + -1101000010111011011?
-1101000010111001111
In base 11, what is -72970666 - -4?
-72970662
In base 9, what is -51376 - 3483?
-54870
In base 6, what is 15 - -22053235?
22053254
In base 3, what is 20100 - -100020020000?
100020110100
In base 5, what is -10142003041433 + 2?
-10142003041431
In base 16, what is -a - -6c2632?
6c2628
In base 5, what is 32211040021 - 0?
32211040021
In base 10, what is 18 + 41522?
41540
In base 8, what is 2 - -112063574?
112063576
In base 15, what is -31b1 - 3d8e?
-7050
In base 13, what is -147 + -11041c?
-110566
In base 4, what is 102020020 - -122?
102020202
In base 7, what is 4105 + 30442?
34550
In base 8, what is -12 + 2437061?
2437047
In base 14, what is -1779d3a - -4?
-1779d36
In base 13, what is -852 - 6b8b?
-7710
In base 2, what is 110011111010 + 11011010110011101?
11100001010010111
In base 6, what is 132 - 25002?
-24430
In base 4, what is 11 - -13121132310?
13121132321
In base 13, what is -4b - b642b0?
-b6432b
In base 13, what is 106284 + -4?
106280
In base 13, what is 27 + 2c0959?
2c0983
In base 16, what is -51493 - -a6e?
-50a25
In base 11, what is -167366 - 5a?
-167415
In base 5, what is -31 - 10234203?
-10234234
In base 3, what is -1012 - 1102220001?
-1102221020
In base 15, what is -3aec2c + 14?
-3aec18
In base 5, what is -224 + 143444014?
143443240
In base 7, what is 1 - 41164532?
-41164531
In base 9, what is -278 - -54560?
54271
In base 8, what is -26 - 222773065?
-222773113
In base 16, what is -41c4fc5 - -2?
-41c4fc3
In base 15, what is -5 + -2b2881?
-2b2886
In base 12, what is -9a3b2 - -21?
-9a391
In base 10, what is 16 + 5348698?
5348714
In base 4, what is 20 - -123333332120?
123333332200
In base 11, what is 1 + 1705439?
170543a
In base 13, what is 19a561 + 52?
19a5b3
In base 9, what is 787 - -214663?
215561
In base 9, what is 66683 - 27040?
38643
In base 11, what is -4 + 1454aa1?
1454a98
In base 6, what is -2534003433 - 5?
-2534003442
In base 8, what is -454 + 25070?
24414
In base 11, what is 4 - 1523346?
-1523342
In base 2, what is 1001 + -11000001000000010100101?
-11000001000000010011100
In base 5, what is -10 - -40210400240?
40210400230
In base 13, what is 7041592 + 3?
7041595
In base 4, what is 311 - 1033200331?
-1033200020
In base 5, what is -2 + 1324001204?
1324001202
In base 4, what is 1023313313 + 1102?
1023321021
In base 13, what is 3990b - 22?
398b9
In base 9, what is 11 + 61543060?
61543071
In base 12, what is -5 + -930495a?
-9304963
In base 7, what is 2 - 5563446?
-5563444
In base 7, what is -214111643 - -1?
-214111642
In base 13, what is 2ca4b2 - 11?
2ca4a1
In base 14, what is -6166291 + -2?
-6166293
In base 6, what is 505005 - -14253?
523302
In base 14, what is 6 + 92c7d5?
92c7db
In base 13, what is -207 - 3a1b?
-3c25
In base 10, what is 69612 + -2?
69610
In base 13, what is 7 - -372ba7?
372bb1
In base 14, what is -a4 - 18c297?
-18c35b
In base 2, what is 101 - -1000110110010100110101101?
1000110110010100110110010
In base 5, what is 1023 - -1143030002?
1143031030
In base 9, what is -10 - 30618?
-30628
In base 11, what is 114 + 7246?
735a
In base 3, what is -10201210212 + -22201221?
-11001112210
In base 12, what is 789 - 26208?
-2563b
In base 2, what is -11011 + -1110100110101111111?
-1110100110110011010
In base 13, what is -8b0b + -2a5?
-90b3
In base 14, what is 4d - 6b68?
-6b19
In base 7, what is -102 - -616051?
615646
In base 14, what is -58 + -283163?
-2831bb
In base 13, what is -1c3319b0 + 2?
-1c3319ab
In base 7, what is -2 + -462504335?
-462504340
In base 7, what is 436 + 1540654?
1541423
In base 12, what is 103482 - -24?
1034a6
In base 12, what is -5a32b - -87?
-5a264
In base 15, what is -24 - 303d2e?
-303d53
In base 3, what is 1021200010102120 - -2?
1021200010102122
In base 7, what is -111463622 + -4?
-111463626
In base 15, what is 2701 + 4a31?
7232
In base 12, what is -59 + -16901?
-1695a
In base 13, what is a - 1833b50?
-1833b43
In base 11, what is 90918 - 9970?
81a58
In base 4, what is 201230000012 + -1110?
201223332302
In base 14, what is 3d118 + 43?
3d15b
In base 11, what is 110 + -28535?
-28425
In base 10, what is -2 + -2327885?
-2327887
In base 5, what is 34300 + 122302?
212102
In base 5, what is 142 - -11122421?
11123113
In base 6, what is 200554 + 423?
201421
In base 2, what is 11011 - -1110001111100110111?
1110001111101010010
In base 4, what is -22322320312 + -10?
-22322320322
In base 13, what is -3 + 224bca50?
224bca4a
In base 6, what is -3 + -15045344003?
-15045344010
In base 16, what is -37d - -50f?
192
In base 2, what is -101010000000 - 10100001010?
-111110001010
In base 14, what is -24d15 - -8?
-24d0b
In base 11, what is a74 - 8025?
-7061
In base 5, what is 401432134 + -32?
401432102
In base 9, what is 18 + 70252828?
70252847
In base 6, what is -3104455303 - 5?
-3104455312
In base 10, what is 132 - 1171?
-1039
In base 6, what is -111500301 - -4?
-111500253
In base 7, what is 2136 + 40154?
42323
In base 2, what is -10010101 - 11010001011110101?
-11010001110001010
In base 4, what is -221020 + 122012220?
121131200
In base 11, what is -1 - -1173a2?
1173a1
In base 13, what is 44 + b9b3a?
b9b81
In base 4, what is 211102 - -13221111?
20032213
In base 5, what is 241012 + -102020?
133442
In base 5, what is 123 - 43101113442?
-43101113314
In base 13, what is 3 - 1814052?
-181404c
In base 12, what is 403 - 31417?
-31014
In base 10, what is 4969108 + 5?
4969113
In base 16, what is b4dfb + 48?
b4e43
In base 10, what is -7 + -157950?
-157957
In base 9, what is -235 + -246025?
-246261
In base 14, what is d54b88 - -4?
d54b8c
In base 8, what is -57406 + -203?
-57611
In base 7, what is -245005 + 154?
-244521
In base 8, what is -3317 + -17016?
-22335
In base 15, what is -17a0 + 62e?
-1171
In base 6, what is -44 - -12040351?
12040303
In base 13, what is -508229 - 13a?
-508366
In base 4, what is 10 + -313313200132?
-313313200122
In base 14, what is -a3b - 32447?
-33084
In base 15, what is a7d3e + 59?
a7d98
In base 6, what is 3 - -141541300?
141541303
In base 13, what is -9 + 2b0aa4a?
2b0aa41
In base 7, what is 1 - 14541623?
-14541622
In base 15, what is d3 - 2a56?
-2973
In base 9, what is -2 + 126223722?
126223720
In base 9, what is -10771 + -4363?
-15244
In base 15, what is 211d92d - -4?
211d932
In base 11, what is 616a7211 + -3?
616a7209
In base 6, what is 151 - -20204323?
20204514
In base 3, what is 1012002 + 10020022211?
10021111220
In base 6, what is 1134012123 - 13?
1134012110
In base 8, what is -4 - -215665146?
215665142
In base 11, what is 1 - 1aaa465?
-1aaa464
In base 9, what is 4780242 + 5?
4780247
In base 4, what is 1011012122 - 1112?
1011011010
In base 14, what is -3c4 - 80d6?
-84ba
In base 11, what is -2050 - 2461?
-4501
In base 5, what is 24 - -1014241030?
1014241104
In base 10, what is 8767739 + 0?
8767739
In base 4, what is -12221 + 33332200?
33313313
In base 15, what is 5 + 1ccb00?
1ccb05
In base 16, what is -c3 + 165ee2?
165e1f
In base 2, what is 110001 - 11000101101010001?
-11000101100100000
In base 9, what is -365282 + 560?
-364622
In base 2, what is -10011100100 + 1000110000101?
110010100001
In base 8, what is -1272464 + 44?
-1272420
In base 8, what is 100014 + 266?
100302
In base 5, what is -10 + -200401113?
-200401123
In base 9, what is 1545531 + -638?
1544782
In base 12, what is 1bb918936 - 2?
1bb918934
In base 11, what is 67605256 - 6?
67605250
In base 2, what is 10100110110111111011000101000 + -1?
10100110110111111011000100111
In base 12, what is 49151a1 + 18?
49151b9
In base 9, what is -4 + 2620585?
2620581
In base 3, what is -102202012122111011 + 2?
-102202012122111002
In base 7, what is -44601253 + 6?
-44601244
In base 2, what is -1 + 11011001101111111111?
11011001101111111110
In base 13, what is -32 - -410820?
4107bb
In base 4, what is -222212312 - 200133?
-223013111
In base 7, what is -31 - 16543331?
-16543362
In base 6, what is 104112312003 - 4?
104112311555
In base 6, what is -453415050 + 4?
-453415042
In base 5, what is 310421 - 201024?
104342
In base 10, what is 2 - 8534273?
-8534271
In b